t j = 2840 + -2807. What are the prime factors of j?
3, 11
What are the prime factors of (1/(-4))/((-8302)/(-1744456)*-1681 + 8)?
31151
Let a = -294 + 127. Let k = 210 - a. What are the prime factors of k?
13, 29
Let f(w) = -w**3 + 6*w**2 - 5*w - 1. Let i be f(5). Let p be (i/(-2))/((-1451)/(-290) - 5). Suppose 4*o + o = p. What are the prime factors of o?
29
Let t(c) be the third derivative of c**5/10 + 19*c**4/12 + 2*c**3 - 11*c**2. List the prime factors of t(-12).
2, 3, 5, 7
Suppose -1859 = -5*p + 1836. Suppose 0 = r - 2*t - 13, 0 = -3*r + 11*t - 6*t + 34. Suppose r*h + 52 - p = 0. What are the prime factors of h?
229
Suppose 1615 = -21*o + 18436. Let w = o - 230. What are the prime factors of w?
571
Let r = -125 - -127. Suppose -7*d + 5*d = -r. List the prime factors of (d - (3 + 1 + -92))*2.
2, 89
Suppose 9*d = 11*d - 6. Let v be d - ((-1 - -2) + 0). Suppose 7*w - 405 = v*w. List the prime factors of w.
3
Suppose 10*d = -d + 79420. Suppose 16*m + 2644 - d = 0. What are the prime factors of m?
2, 11, 13
Suppose -35*q - 60630 = -38*q. Suppose -q = -32*c - 2706. What are the prime factors of c?
547
Suppose 16*y - 14*y - 4*i = 31124, 5*y - 4*i = 77786. What are the prime factors of y?
2, 7, 11, 101
Let c = -11523 + 25856. List the prime factors of c.
11, 1303
Let k(z) = 591*z - 1297. What are the prime factors of k(16)?
41, 199
Suppose 18 + 9 = 9*i. Suppose -i*j - 122 = -j - 2*w, 2*j - w + 123 = 0. Let o = 126 + j. What are the prime factors of o?
2
Suppose -17*w + 43*w = 52. Suppose -12 = 4*k, -5*r = -9*r - w*k + 354. What are the prime factors of r?
2, 3, 5
Suppose -182 = -3*a - 2*j, -4*a + 8*a = -j + 241. Let h be (-308)/28 + 0/(-2) + 0. Let m = h + a. What are the prime factors of m?
7
Let n = -8 + 16. Suppose n - 1 = 7*b. What are the prime factors of 3/3 + b + (-201)/(-3)?
3, 23
Suppose -3*w = 2*b - 37, -2*w = -6*w - 12. Suppose 0 = -24*k + b*k + 354. List the prime factors of k.
2, 3, 59
What are the prime factors of ((-637)/39 + 17)*4767?
2, 7, 227
Let v be 4/(-16) + 346/8. Let g = v + -41. List the prime factors of (-68)/((g/(-7))/(6/14)).
2, 3, 17
Let o(k) = -5*k**3 + 2*k**2 - 2*k + 1. Let l be o(1). Let j(y) = 3*y + 21. Let q(c) = 2*c + 20. Let g(t) = l*j(t) + 3*q(t). List the prime factors of g(-7).
2, 3
Suppose 3 = a - 1. Suppose a*o - 1 = 11. Suppose -113 = -o*x + 4*t + 32, 206 = 4*x + t. What are the prime factors of x?
3, 17
Let d = -36 + 6. List the prime factors of d*20/16*(-1 + -5).
3, 5
Let b(s) = -2069*s + 334. List the prime factors of b(-6).
2, 3187
Let j(z) = -24*z**2 + 5*z - 6. Let r be j(1). List the prime factors of 1116/15*r/(-5).
2, 3, 31
Let p = -19 - 24. Let z = -83 - p. List the prime factors of (96/20)/((-12)/z).
2
Suppose 18*h + 13*h + 4*h = 133980. What are the prime factors of h?
2, 3, 11, 29
Let p = -1765 + 2069. List the prime factors of p.
2, 19
Suppose 20*q - 10816 = 7364. What are the prime factors of q?
3, 101
Let l(j) = 5*j**2 + 6*j + 7. Suppose 4*p - 31 = 5*d, 0 = -4*d - 2*p + 5*p - 24. List the prime factors of l(d).
2, 17
Let l = -46 - -48. Let w be l/(-13) - (-2415)/(-273). What are the prime factors of -34*(2 + w/3)?
2, 17
Suppose -3*h + 4*a + 23 = -0*h, 0 = 4*h + 4*a - 40. Suppose h*x - 52 - 101 = 0. Suppose x*l - 1503 = 1676. List the prime factors of l.
11, 17
Let z(v) = -10*v + 9*v - 17*v**2 - v**3 - v**2 - 9. List the prime factors of z(-19).
7, 53
Let z = -20839 + 42718. What are the prime factors of z?
3, 11, 13, 17
Let a = 8929 - 4409. List the prime factors of a.
2, 5, 113
Let v = 19412 - 2245. List the prime factors of v.
17167
Let z(l) = 21*l**3 + 10*l**2 - 8*l + 25. What are the prime factors of z(7)?
2, 3, 1277
Let m be 1284/(-9)*(-90)/3. Suppose m = 2*k + 3*k + v, 2*k - 1729 = 3*v. Suppose 0 = -d + g + 212, 0 = -4*d - g - 4*g + k. List the prime factors of d.
3, 71
Suppose -50*h + 226317 = -932617 + 198634. List the prime factors of h.
2, 3, 11, 97
Let t = 10067 - -12577. List the prime factors of t.
2, 3, 17, 37
Let n(u) = -47*u**2 - 46*u + 27*u**2 + 26*u**2 - 25. List the prime factors of n(-10).
3, 5, 23
Suppose 15*l + 863 = -46822. Let m = l + 4604. What are the prime factors of m?
3, 5, 19
Suppose -8 = 4*n, -3*n - 38351 + 4843 = -t. What are the prime factors of t?
2, 7, 2393
Let j = -72184 + 142996. List the prime factors of j.
2, 3, 7, 281
Let q be (-50)/6*12/(-10). Suppose 2*f + q = 7*f. Suppose 494 = 3*n - f*g, -5*n - 4*g + 465 + 395 = 0. List the prime factors of n.
2, 3, 7
Let t(k) = -7*k**3 + 2*k**2 - 42*k - 466. What are the prime factors of t(-15)?
24239
Let a be (-63)/49 + (-4)/(-14). Let r(x) = -155*x**3 - 2*x - 2. Let n be r(a). Let f = n + 39. What are the prime factors of f?
2, 97
Suppose -2*z - 3*l = 54, 3*z - 3*l - 16 = -82. List the prime factors of 409/4 - (1 - z/(-32)).
2, 3, 17
Let z(l) = -l**2 + 18*l - 86. Let b be z(10). List the prime factors of 6 - (16350/5)/b.
19, 29
Suppose 0 = 6*i - 5*i - 3*r - 94, 268 = 3*i + 5*r. Suppose 19737 = -74*z + i*z. List the prime factors of z.
3, 43
Let v = -17344 + 24603. List the prime factors of v.
7, 17, 61
Let l(v) = 6*v**3 + 6*v**2 + 23*v - 101. List the prime factors of l(9).
2, 13, 191
Let f = 2031 - -6404. What are the prime factors of f?
5, 7, 241
Let j(t) = t**3 + 13*t**2 + 55*t - 1067. What are the prime factors of j(20)?
3, 11, 401
List the prime factors of (-523620)/(-225)*15/6.
2, 2909
Let a be 139 + (5 - 4) + 4. Let q be (-12)/21 + a/56. List the prime factors of (-17)/(12/8 - q).
2, 17
List the prime factors of (4/9 - (-16)/72)*54114/116.
311
Let l(v) = -2*v - 38. Let k be l(-22). Suppose -4*t - k = -2. List the prime factors of ((-3)/1 + 2)*(-6 - t).
5
Let y(z) = 59*z + 25. Let r(l) = 33*l + 13. Let k(a) = 65*a + 26. Let h(v) = 3*k(v) - 5*r(v). Let w(d) = 11*h(d) - 6*y(d). List the prime factors of w(-4).
89
Let x(p) = -432*p - 19252. List the prime factors of x(-166).
2, 5, 43, 61
Let j(y) = -10323*y - 15028. List the prime factors of j(-4).
2, 7, 67
Suppose 12*p + 18 = 18. Suppose p = -13*v + 15*v - 772. List the prime factors of v.
2, 193
Let z = -6280 + 9400. List the prime factors of z.
2, 3, 5, 13
List the prime factors of (102624345/3060 - 6/(-8)) + (-20)/170.
2, 41, 409
Let c = 1145 + 1262. Let o = c - 966. List the prime factors of o.
11, 131
Let z = -125 + 121. Let c be (-1)/((7 - 6) + z/3). What are the prime factors of (-50)/(-6) - (1/c - 0)?
2
Let k(m) = m**3 + 9*m**2 + 11*m - 18. Let n be k(-7). What are the prime factors of -2*(3 - (242 - n))?
2, 59
Suppose -4*k + 5*p + 224 = 0, 0*k + 110 = 2*k - 3*p. Let v = -29 - -19. What are the prime factors of k + 2/v + (-21)/(-5)?
5, 13
What are the prime factors of ((-10945)/(-44) + 1/4)*(-258)/(-9)?
2, 43, 83
Let n(q) = -q**3 + 8*q**2 - 2*q + 36. Let o be n(8). List the prime factors of (24 - o) + (883 - -3).
2, 5, 89
Let k(n) be the third derivative of 12*n**2 + 0 + 35/6*n**3 + 1/24*n**4 + 0*n. What are the prime factors of k(-11)?
2, 3
Suppose -4*i - 12 = -4*n, -2*n + 0 = 2*i - 2. Let y be -1*33/(-22)*n/3. What are the prime factors of y*-334*(-1 + 2/4)?
167
Suppose 0 = 9*x - 5246 - 5275. Suppose -7*a + 6370 + x = 0. What are the prime factors of a?
3, 359
Suppose -17*v - 10 = -12*v. Let q be (((-12)/6)/v)/(1/3). Suppose -u + 2*h + 2*h + 184 = 0, -q*h = 12. What are the prime factors of u?
2, 3, 7
Suppose 13*l - 13 - 13 = 0. Let b(a) = -5 + 6*a - 6 + 76*a + 4. What are the prime factors of b(l)?
157
Suppose -2*y = y, -5*p = -y - 20. Suppose 32 = p*g - t + 4*t, -3*g + 5*t = 5. Suppose -u = -3*w - g*u + 219, -2*w + 142 = 4*u. What are the prime factors of w?
7, 11
Let c = 27 + -24. Suppose z = 5*f, -z + 5*f = f - c. List the prime factors of z*(-3 + (-159)/(-15)).
2, 3, 19
Let u(b) be the second derivative of 29*b**4/12 - b**3/6 - 6*b**2 + 3*b - 5. What are the prime factors of u(-2)?
2, 53
Let q be -7149 - ((-4)/14 - (-38)/(-14)). Let x = -10882 - q. List the prime factors of x/(-34) + (-2)/(-17).
2, 5, 11
Let c(o) = 2*o**2 - 3*o + 45. Let m be c(0). Let v = m - 37. Suppose -v = 9*t - 746. What are the prime factors of t?
2, 41
Suppose 3938*x - 3942*x + 4*c + 40432 = 0, -2*x - 5*c = -20272. What are the prime factors of x?
2, 3, 281
Let z be 5 + -6 + 13 - (5 + -1). Suppose 5697 = z*g - 4831. Suppose 0 = 6*c + 524 - g. List the prime factors